Dec 03 07:21:58.945 INFO testing google-servicebroker1-1.0.8+20180924 against master#8940af3cea4a9a9deabcaf843b2f8cad9a83fc61 for beta-1.31-5
Dec 03 07:21:58.945 INFO running `"docker" "create" "-v" "/mnt/big/crater/work/local/target-dirs/beta-1.31-5/worker-7/master#8940af3cea4a9a9deabcaf843b2f8cad9a83fc61:/target:rw,Z" "-v" "/mnt/big/crater/work/local/test-source/worker-7/beta-1.31-5/master#8940af3cea4a9a9deabcaf843b2f8cad9a83fc61:/source:ro,Z" "-v" "/mnt/big/crater/work/local/cargo-home:/cargo-home:ro,Z" "-v" "/mnt/big/crater/work/local/rustup-home:/rustup-home:ro,Z" "-e" "USER_ID=1000" "-e" "SOURCE_DIR=/source" "-e" "USER_ID=1000" "-e" "CMD=cargo +8940af3cea4a9a9deabcaf843b2f8cad9a83fc61-alt build --frozen" "-e" "CARGO_TARGET_DIR=/target" "-e" "CARGO_INCREMENTAL=0" "-e" "RUST_BACKTRACE=full" "-e" "RUSTFLAGS=--cap-lints=warn" "-e" "CARGO_HOME=/cargo-home" "-e" "RUSTUP_HOME=/rustup-home" "-m" "1536M" "--network" "none" "crater"`
Dec 03 07:21:59.392 INFO [stdout] 73d237bea92b6a4f97621c382c359a49971433da89ac5a475479d2649f96c5de
Dec 03 07:21:59.397 INFO running `"docker" "start" "-a" "73d237bea92b6a4f97621c382c359a49971433da89ac5a475479d2649f96c5de"`
Dec 03 07:22:01.158 INFO [stderr] usermod: no changes
Dec 03 07:22:01.426 INFO [stderr]    Compiling google-servicebroker1 v1.0.8+20180924 (/source)
Dec 03 07:22:06.307 INFO [stderr] warning: type `GoogleIamV1__TestIamPermissionsResponse` should have a camel case name such as `Googleiamv1Testiampermissionsresponse`
Dec 03 07:22:06.307 INFO [stderr]    --> src/lib.rs:385:1
Dec 03 07:22:06.307 INFO [stderr]     |
Dec 03 07:22:06.307 INFO [stderr] 385 | / pub struct GoogleIamV1__TestIamPermissionsResponse {
Dec 03 07:22:06.307 INFO [stderr] 386 | |     /// A subset of `TestPermissionsRequest.permissions` that the caller is
Dec 03 07:22:06.307 INFO [stderr] 387 | |     /// allowed.
Dec 03 07:22:06.307 INFO [stderr] 388 | |     pub permissions: Option<Vec<String>>,
Dec 03 07:22:06.307 INFO [stderr] 389 | | }
Dec 03 07:22:06.307 INFO [stderr]     | |_^
Dec 03 07:22:06.307 INFO [stderr]     |
Dec 03 07:22:06.307 INFO [stderr]     = note: #[warn(non_camel_case_types)] on by default
Dec 03 07:22:06.307 INFO [stderr] 
Dec 03 07:22:06.315 INFO [stderr] warning: type `GoogleIamV1__SetIamPolicyRequest` should have a camel case name such as `Googleiamv1Setiampolicyrequest`
Dec 03 07:22:06.315 INFO [stderr]    --> src/lib.rs:404:1
Dec 03 07:22:06.315 INFO [stderr]     |
Dec 03 07:22:06.315 INFO [stderr] 404 | / pub struct GoogleIamV1__SetIamPolicyRequest {
Dec 03 07:22:06.315 INFO [stderr] 405 | |     /// REQUIRED: The complete policy to be applied to the `resource`. The size of
Dec 03 07:22:06.315 INFO [stderr] 406 | |     /// the policy is limited to a few 10s of KB. An empty policy is a
Dec 03 07:22:06.315 INFO [stderr] 407 | |     /// valid policy but certain Cloud Platform services (such as Projects)
Dec 03 07:22:06.315 INFO [stderr] 408 | |     /// might reject them.
Dec 03 07:22:06.315 INFO [stderr] 409 | |     pub policy: Option<GoogleIamV1__Policy>,
Dec 03 07:22:06.315 INFO [stderr] 410 | | }
Dec 03 07:22:06.315 INFO [stderr]     | |_^
Dec 03 07:22:06.315 INFO [stderr] 
Dec 03 07:22:06.315 INFO [stderr] warning: type `GoogleIamV1__Binding` should have a camel case name such as `Googleiamv1Binding`
Dec 03 07:22:06.315 INFO [stderr]    --> src/lib.rs:420:1
Dec 03 07:22:06.315 INFO [stderr]     |
Dec 03 07:22:06.315 INFO [stderr] 420 | / pub struct GoogleIamV1__Binding {
Dec 03 07:22:06.315 INFO [stderr] 421 | |     /// Role that is assigned to `members`.
Dec 03 07:22:06.315 INFO [stderr] 422 | |     /// For example, `roles/viewer`, `roles/editor`, or `roles/owner`.
Dec 03 07:22:06.315 INFO [stderr] 423 | |     pub role: Option<String>,
Dec 03 07:22:06.315 INFO [stderr] ...   |
Dec 03 07:22:06.315 INFO [stderr] 453 | |     pub members: Option<Vec<String>>,
Dec 03 07:22:06.315 INFO [stderr] 454 | | }
Dec 03 07:22:06.315 INFO [stderr]     | |_^
Dec 03 07:22:06.315 INFO [stderr] 
Dec 03 07:22:06.315 INFO [stderr] warning: type `GoogleType__Expr` should have a camel case name such as `GoogletypeExpr`
Dec 03 07:22:06.315 INFO [stderr]    --> src/lib.rs:468:1
Dec 03 07:22:06.315 INFO [stderr]     |
Dec 03 07:22:06.315 INFO [stderr] 468 | / pub struct GoogleType__Expr {
Dec 03 07:22:06.315 INFO [stderr] 469 | |     /// An optional title for the expression, i.e. a short string describing
Dec 03 07:22:06.315 INFO [stderr] 470 | |     /// its purpose. This can be used e.g. in UIs which allow to enter the
Dec 03 07:22:06.315 INFO [stderr] 471 | |     /// expression.
Dec 03 07:22:06.315 INFO [stderr] ...   |
Dec 03 07:22:06.315 INFO [stderr] 484 | |     pub location: Option<String>,
Dec 03 07:22:06.315 INFO [stderr] 485 | | }
Dec 03 07:22:06.315 INFO [stderr]     | |_^
Dec 03 07:22:06.315 INFO [stderr] 
Dec 03 07:22:06.315 INFO [stderr] warning: type `GoogleIamV1__Policy` should have a camel case name such as `Googleiamv1Policy`
Dec 03 07:22:06.315 INFO [stderr]    --> src/lib.rs:545:1
Dec 03 07:22:06.315 INFO [stderr]     |
Dec 03 07:22:06.315 INFO [stderr] 545 | / pub struct GoogleIamV1__Policy {
Dec 03 07:22:06.315 INFO [stderr] 546 | |     /// Associates a list of `members` to a `role`.
Dec 03 07:22:06.315 INFO [stderr] 547 | |     /// `bindings` with no members will result in an error.
Dec 03 07:22:06.315 INFO [stderr] 548 | |     pub bindings: Option<Vec<GoogleIamV1__Binding>>,
Dec 03 07:22:06.316 INFO [stderr] ...   |
Dec 03 07:22:06.316 INFO [stderr] 561 | |     pub version: Option<i32>,
Dec 03 07:22:06.316 INFO [stderr] 562 | | }
Dec 03 07:22:06.316 INFO [stderr]     | |_^
Dec 03 07:22:06.316 INFO [stderr] 
Dec 03 07:22:06.316 INFO [stderr] warning: type `GoogleIamV1__TestIamPermissionsRequest` should have a camel case name such as `Googleiamv1Testiampermissionsrequest`
Dec 03 07:22:06.316 INFO [stderr]    --> src/lib.rs:577:1
Dec 03 07:22:06.316 INFO [stderr]     |
Dec 03 07:22:06.316 INFO [stderr] 577 | / pub struct GoogleIamV1__TestIamPermissionsRequest {
Dec 03 07:22:06.316 INFO [stderr] 578 | |     /// The set of permissions to check for the `resource`. Permissions with
Dec 03 07:22:06.316 INFO [stderr] 579 | |     /// wildcards (such as '*' or 'storage.*') are not allowed. For more
Dec 03 07:22:06.316 INFO [stderr] 580 | |     /// information see
Dec 03 07:22:06.316 INFO [stderr] 581 | |     /// [IAM Overview](https://cloud.google.com/iam/docs/overview#permissions).
Dec 03 07:22:06.316 INFO [stderr] 582 | |     pub permissions: Option<Vec<String>>,
Dec 03 07:22:06.316 INFO [stderr] 583 | | }
Dec 03 07:22:06.316 INFO [stderr]     | |_^
Dec 03 07:22:06.316 INFO [stderr] 
Dec 03 07:22:07.330 INFO [stderr]     Finished dev [unoptimized + debuginfo] target(s) in 6.14s
Dec 03 07:22:07.351 INFO [stderr] su: No module specific data is present
Dec 03 07:22:08.117 INFO running `"docker" "inspect" "73d237bea92b6a4f97621c382c359a49971433da89ac5a475479d2649f96c5de"`
Dec 03 07:22:08.386 INFO running `"docker" "rm" "-f" "73d237bea92b6a4f97621c382c359a49971433da89ac5a475479d2649f96c5de"`
Dec 03 07:22:08.603 INFO [stdout] 73d237bea92b6a4f97621c382c359a49971433da89ac5a475479d2649f96c5de
Dec 03 07:22:08.609 INFO running `"docker" "create" "-v" "/mnt/big/crater/work/local/target-dirs/beta-1.31-5/worker-7/master#8940af3cea4a9a9deabcaf843b2f8cad9a83fc61:/target:rw,Z" "-v" "/mnt/big/crater/work/local/test-source/worker-7/beta-1.31-5/master#8940af3cea4a9a9deabcaf843b2f8cad9a83fc61:/source:ro,Z" "-v" "/mnt/big/crater/work/local/cargo-home:/cargo-home:ro,Z" "-v" "/mnt/big/crater/work/local/rustup-home:/rustup-home:ro,Z" "-e" "USER_ID=1000" "-e" "SOURCE_DIR=/source" "-e" "USER_ID=1000" "-e" "CMD=cargo +8940af3cea4a9a9deabcaf843b2f8cad9a83fc61-alt test --frozen --no-run" "-e" "CARGO_TARGET_DIR=/target" "-e" "CARGO_INCREMENTAL=0" "-e" "RUST_BACKTRACE=full" "-e" "RUSTFLAGS=--cap-lints=warn" "-e" "CARGO_HOME=/cargo-home" "-e" "RUSTUP_HOME=/rustup-home" "-m" "1536M" "--network" "none" "crater"`
Dec 03 07:22:08.990 INFO [stdout] 983fd6fd9c86f87f1f7836ac8441a1059439707e8d60df2e7d290c7f2516a96a
Dec 03 07:22:08.992 INFO running `"docker" "start" "-a" "983fd6fd9c86f87f1f7836ac8441a1059439707e8d60df2e7d290c7f2516a96a"`
Dec 03 07:22:10.049 INFO [stderr] usermod: no changes
Dec 03 07:22:10.295 INFO [stderr]    Compiling google-servicebroker1 v1.0.8+20180924 (/source)
Dec 03 07:22:15.463 INFO [stderr] warning: type `GoogleIamV1__TestIamPermissionsResponse` should have a camel case name such as `Googleiamv1Testiampermissionsresponse`
Dec 03 07:22:15.463 INFO [stderr]    --> src/lib.rs:385:1
Dec 03 07:22:15.464 INFO [stderr]     |
Dec 03 07:22:15.464 INFO [stderr] 385 | / pub struct GoogleIamV1__TestIamPermissionsResponse {
Dec 03 07:22:15.464 INFO [stderr] 386 | |     /// A subset of `TestPermissionsRequest.permissions` that the caller is
Dec 03 07:22:15.465 INFO [stderr] 387 | |     /// allowed.
Dec 03 07:22:15.465 INFO [stderr] 388 | |     pub permissions: Option<Vec<String>>,
Dec 03 07:22:15.465 INFO [stderr] 389 | | }
Dec 03 07:22:15.466 INFO [stderr]     | |_^
Dec 03 07:22:15.466 INFO [stderr]     |
Dec 03 07:22:15.466 INFO [stderr]     = note: #[warn(non_camel_case_types)] on by default
Dec 03 07:22:15.466 INFO [stderr] 
Dec 03 07:22:15.467 INFO [stderr] warning: type `GoogleIamV1__SetIamPolicyRequest` should have a camel case name such as `Googleiamv1Setiampolicyrequest`
Dec 03 07:22:15.467 INFO [stderr]    --> src/lib.rs:404:1
Dec 03 07:22:15.467 INFO [stderr]     |
Dec 03 07:22:15.467 INFO [stderr] 404 | / pub struct GoogleIamV1__SetIamPolicyRequest {
Dec 03 07:22:15.468 INFO [stderr] 405 | |     /// REQUIRED: The complete policy to be applied to the `resource`. The size of
Dec 03 07:22:15.468 INFO [stderr] 406 | |     /// the policy is limited to a few 10s of KB. An empty policy is a
Dec 03 07:22:15.468 INFO [stderr] 407 | |     /// valid policy but certain Cloud Platform services (such as Projects)
Dec 03 07:22:15.468 INFO [stderr] 408 | |     /// might reject them.
Dec 03 07:22:15.469 INFO [stderr] 409 | |     pub policy: Option<GoogleIamV1__Policy>,
Dec 03 07:22:15.469 INFO [stderr] 410 | | }
Dec 03 07:22:15.469 INFO [stderr]     | |_^
Dec 03 07:22:15.469 INFO [stderr] 
Dec 03 07:22:15.470 INFO [stderr] warning: type `GoogleIamV1__Binding` should have a camel case name such as `Googleiamv1Binding`
Dec 03 07:22:15.470 INFO [stderr]    --> src/lib.rs:420:1
Dec 03 07:22:15.470 INFO [stderr]     |
Dec 03 07:22:15.470 INFO [stderr] 420 | / pub struct GoogleIamV1__Binding {
Dec 03 07:22:15.471 INFO [stderr] 421 | |     /// Role that is assigned to `members`.
Dec 03 07:22:15.471 INFO [stderr] 422 | |     /// For example, `roles/viewer`, `roles/editor`, or `roles/owner`.
Dec 03 07:22:15.471 INFO [stderr] 423 | |     pub role: Option<String>,
Dec 03 07:22:15.472 INFO [stderr] ...   |
Dec 03 07:22:15.472 INFO [stderr] 453 | |     pub members: Option<Vec<String>>,
Dec 03 07:22:15.472 INFO [stderr] 454 | | }
Dec 03 07:22:15.472 INFO [stderr]     | |_^
Dec 03 07:22:15.473 INFO [stderr] 
Dec 03 07:22:15.473 INFO [stderr] warning: type `GoogleType__Expr` should have a camel case name such as `GoogletypeExpr`
Dec 03 07:22:15.473 INFO [stderr]    --> src/lib.rs:468:1
Dec 03 07:22:15.473 INFO [stderr]     |
Dec 03 07:22:15.474 INFO [stderr] 468 | / pub struct GoogleType__Expr {
Dec 03 07:22:15.474 INFO [stderr] 469 | |     /// An optional title for the expression, i.e. a short string describing
Dec 03 07:22:15.474 INFO [stderr] 470 | |     /// its purpose. This can be used e.g. in UIs which allow to enter the
Dec 03 07:22:15.475 INFO [stderr] 471 | |     /// expression.
Dec 03 07:22:15.475 INFO [stderr] ...   |
Dec 03 07:22:15.475 INFO [stderr] 484 | |     pub location: Option<String>,
Dec 03 07:22:15.475 INFO [stderr] 485 | | }
Dec 03 07:22:15.476 INFO [stderr]     | |_^
Dec 03 07:22:15.476 INFO [stderr] 
Dec 03 07:22:15.476 INFO [stderr] warning: type `GoogleIamV1__Policy` should have a camel case name such as `Googleiamv1Policy`
Dec 03 07:22:15.476 INFO [stderr]    --> src/lib.rs:545:1
Dec 03 07:22:15.476 INFO [stderr]     |
Dec 03 07:22:15.476 INFO [stderr] 545 | / pub struct GoogleIamV1__Policy {
Dec 03 07:22:15.476 INFO [stderr] 546 | |     /// Associates a list of `members` to a `role`.
Dec 03 07:22:15.476 INFO [stderr] 547 | |     /// `bindings` with no members will result in an error.
Dec 03 07:22:15.476 INFO [stderr] 548 | |     pub bindings: Option<Vec<GoogleIamV1__Binding>>,
Dec 03 07:22:15.476 INFO [stderr] ...   |
Dec 03 07:22:15.476 INFO [stderr] 561 | |     pub version: Option<i32>,
Dec 03 07:22:15.476 INFO [stderr] 562 | | }
Dec 03 07:22:15.476 INFO [stderr]     | |_^
Dec 03 07:22:15.476 INFO [stderr] 
Dec 03 07:22:15.476 INFO [stderr] warning: type `GoogleIamV1__TestIamPermissionsRequest` should have a camel case name such as `Googleiamv1Testiampermissionsrequest`
Dec 03 07:22:15.476 INFO [stderr]    --> src/lib.rs:577:1
Dec 03 07:22:15.476 INFO [stderr]     |
Dec 03 07:22:15.476 INFO [stderr] 577 | / pub struct GoogleIamV1__TestIamPermissionsRequest {
Dec 03 07:22:15.476 INFO [stderr] 578 | |     /// The set of permissions to check for the `resource`. Permissions with
Dec 03 07:22:15.476 INFO [stderr] 579 | |     /// wildcards (such as '*' or 'storage.*') are not allowed. For more
Dec 03 07:22:15.476 INFO [stderr] 580 | |     /// information see
Dec 03 07:22:15.476 INFO [stderr] 581 | |     /// [IAM Overview](https://cloud.google.com/iam/docs/overview#permissions).
Dec 03 07:22:15.476 INFO [stderr] 582 | |     pub permissions: Option<Vec<String>>,
Dec 03 07:22:15.476 INFO [stderr] 583 | | }
Dec 03 07:22:15.476 INFO [stderr]     | |_^
Dec 03 07:22:15.476 INFO [stderr] 
Dec 03 07:22:16.059 INFO [stderr]     Finished dev [unoptimized + debuginfo] target(s) in 5.98s
Dec 03 07:22:16.071 INFO [stderr] su: No module specific data is present
Dec 03 07:22:17.332 INFO running `"docker" "inspect" "983fd6fd9c86f87f1f7836ac8441a1059439707e8d60df2e7d290c7f2516a96a"`
Dec 03 07:22:17.673 INFO running `"docker" "rm" "-f" "983fd6fd9c86f87f1f7836ac8441a1059439707e8d60df2e7d290c7f2516a96a"`
Dec 03 07:22:18.027 INFO [stdout] 983fd6fd9c86f87f1f7836ac8441a1059439707e8d60df2e7d290c7f2516a96a
Dec 03 07:22:18.035 INFO running `"docker" "create" "-v" "/mnt/big/crater/work/local/target-dirs/beta-1.31-5/worker-7/master#8940af3cea4a9a9deabcaf843b2f8cad9a83fc61:/target:rw,Z" "-v" "/mnt/big/crater/work/local/test-source/worker-7/beta-1.31-5/master#8940af3cea4a9a9deabcaf843b2f8cad9a83fc61:/source:ro,Z" "-v" "/mnt/big/crater/work/local/cargo-home:/cargo-home:ro,Z" "-v" "/mnt/big/crater/work/local/rustup-home:/rustup-home:ro,Z" "-e" "USER_ID=1000" "-e" "SOURCE_DIR=/source" "-e" "USER_ID=1000" "-e" "CMD=cargo +8940af3cea4a9a9deabcaf843b2f8cad9a83fc61-alt test --frozen" "-e" "CARGO_TARGET_DIR=/target" "-e" "CARGO_INCREMENTAL=0" "-e" "RUST_BACKTRACE=full" "-e" "RUSTFLAGS=--cap-lints=warn" "-e" "CARGO_HOME=/cargo-home" "-e" "RUSTUP_HOME=/rustup-home" "-m" "1536M" "--network" "none" "crater"`
Dec 03 07:22:18.511 INFO [stdout] b5c7de68243e121e9d54d040857f746b971c65574fbfb2f4821e32a92279539c
Dec 03 07:22:18.516 INFO running `"docker" "start" "-a" "b5c7de68243e121e9d54d040857f746b971c65574fbfb2f4821e32a92279539c"`
Dec 03 07:22:20.626 INFO [stderr] usermod: no changes
Dec 03 07:22:20.996 INFO [stderr]     Finished dev [unoptimized + debuginfo] target(s) in 0.35s
Dec 03 07:22:21.007 INFO [stderr]      Running /target/debug/deps/google_servicebroker1-1506d4e2a7a6097b
Dec 03 07:22:21.013 INFO [stdout] 
Dec 03 07:22:21.013 INFO [stdout] running 0 tests
Dec 03 07:22:21.013 INFO [stdout] 
Dec 03 07:22:21.013 INFO [stdout] test result: ok. 0 passed; 0 failed; 0 ignored; 0 measured; 0 filtered out
Dec 03 07:22:21.013 INFO [stdout] 
Dec 03 07:22:21.019 INFO [stderr]    Doc-tests google-servicebroker1
Dec 03 07:22:27.760 INFO [stdout] 
Dec 03 07:22:27.760 INFO [stdout] running 10 tests
Dec 03 07:22:27.839 INFO [stdout] test src/lib.rs -  (line 50) ... ignored
Dec 03 07:22:34.771 INFO [stdout] test src/lib.rs - GoogleIamV1__Policy (line 500) ... FAILED
Dec 03 07:22:34.928 INFO [stdout] test src/lib.rs - GoogleIamV1__Policy (line 520) ... FAILED
Dec 03 07:22:35.171 INFO [stdout] test src/lib.rs - GoogleType__Expr (line 460) ... FAILED
Dec 03 07:23:05.371 INFO [stdout] test src/lib.rs - MethodGetIamPolicyCall (line 1292) ... ok
Dec 03 07:23:06.483 INFO [stdout] test src/lib.rs -  (line 81) ... ok
Dec 03 07:23:07.310 INFO [stdout] test src/lib.rs - MethodTestIamPermissionCall (line 723) ... ok
Dec 03 07:23:07.799 INFO [stdout] test src/lib.rs - MethodSetIamPolicyCall (line 1007) ... ok
Dec 03 07:23:08.329 INFO [stdout] test src/lib.rs - MethodMethods (line 600) ... ok
Dec 03 07:23:08.748 INFO [stdout] test src/lib.rs - ServiceBroker (line 266) ... ok
Dec 03 07:23:08.748 INFO [stdout] 
Dec 03 07:23:08.748 INFO [stdout] failures:
Dec 03 07:23:08.748 INFO [stdout] 
Dec 03 07:23:08.748 INFO [stdout] ---- src/lib.rs - GoogleIamV1__Policy (line 500) stdout ----
Dec 03 07:23:08.748 INFO [stdout] error: expected type, found `{`
Dec 03 07:23:08.748 INFO [stdout]  --> src/lib.rs:503:5
Dec 03 07:23:08.748 INFO [stdout]   |
Dec 03 07:23:08.748 INFO [stdout] 4 |   "bindings": [
Dec 03 07:23:08.748 INFO [stdout]   |             - help: try using a semicolon: `;`
Dec 03 07:23:08.748 INFO [stdout] 5 |     {
Dec 03 07:23:08.748 INFO [stdout]   |     ^ expecting a type here because of type ascription
Dec 03 07:23:08.748 INFO [stdout] 
Dec 03 07:23:08.748 INFO [stdout] thread 'src/lib.rs - GoogleIamV1__Policy (line 500)' panicked at 'couldn't compile the test', librustdoc/test.rs:332:13
Dec 03 07:23:08.748 INFO [stdout] stack backtrace:
Dec 03 07:23:08.748 INFO [stdout]    0:     0x7f8cb74b390f - std::sys::unix::backtrace::tracing::imp::unwind_backtrace::h3a8b83e1922cbdde
Dec 03 07:23:08.748 INFO [stdout]                                at libstd/sys/unix/backtrace/tracing/gcc_s.rs:49
Dec 03 07:23:08.748 INFO [stdout]    1:     0x7f8cb7498897 - std::sys_common::backtrace::print::h00d3155a29b4020f
Dec 03 07:23:08.748 INFO [stdout]                                at libstd/sys_common/backtrace.rs:71
Dec 03 07:23:08.748 INFO [stdout]                                at libstd/sys_common/backtrace.rs:59
Dec 03 07:23:08.748 INFO [stdout]    2:     0x7f8cb74becef - std::panicking::default_hook::{{closure}}::hd7465c742e79e1bb
Dec 03 07:23:08.748 INFO [stdout]                                at libstd/panicking.rs:211
Dec 03 07:23:08.748 INFO [stdout]    3:     0x7f8cb74be9ee - std::panicking::default_hook::h9e3966f2aa2a6e12
Dec 03 07:23:08.748 INFO [stdout]                                at libstd/panicking.rs:221
Dec 03 07:23:08.748 INFO [stdout]    4:     0x7f8cb9649951 - rustc::util::common::panic_hook::h27965632b67fe74e
Dec 03 07:23:08.748 INFO [stdout]    5:     0x7f8cb74bf4e6 - std::panicking::rust_panic_with_hook::h587f091ae747d080
Dec 03 07:23:08.748 INFO [stdout]                                at libstd/panicking.rs:480
Dec 03 07:23:08.748 INFO [stdout]    6:     0x5567a188ab17 - std::panicking::begin_panic::hcef7ac517f7efe0f
Dec 03 07:23:08.748 INFO [stdout]                                at libstd/panicking.rs:410
Dec 03 07:23:08.748 INFO [stdout]    7:     0x5567a1a1ecc7 - <rustdoc::test::Collector as rustdoc::test::Tester>::add_test::{{closure}}::{{closure}}::{{closure}}::h1a7d462b7674a13e
Dec 03 07:23:08.748 INFO [stdout]                                at librustdoc/test.rs:332
Dec 03 07:23:08.748 INFO [stdout]                                at librustdoc/test.rs:596
Dec 03 07:23:08.748 INFO [stdout]    8:     0x5567a19d41f8 - <scoped_tls::ScopedKey<T>>::set::h9a299037e2efdd79
Dec 03 07:23:08.748 INFO [stdout]                                at /cargo/registry/src/github.com-1ecc6299db9ec823/scoped-tls-0.1.2/src/lib.rs:155
Dec 03 07:23:08.748 INFO [stdout]                                at libsyntax/lib.rs:106
Dec 03 07:23:08.748 INFO [stdout]                                at /cargo/registry/src/github.com-1ecc6299db9ec823/scoped-tls-0.1.2/src/lib.rs:155
Dec 03 07:23:08.748 INFO [stdout]    9:     0x5567a17d8601 - syntax::with_globals::hc9a23e436a64729f
Dec 03 07:23:08.748 INFO [stdout]                                at libsyntax/lib.rs:105
Dec 03 07:23:08.748 INFO [stdout]   10:     0x5567a188adbb - std::panicking::try::do_call::hd95e3a92339aa7c0
Dec 03 07:23:08.748 INFO [stdout]                                at librustdoc/test.rs:593
Dec 03 07:23:08.748 INFO [stdout]                                at libstd/panic.rs:313
Dec 03 07:23:08.748 INFO [stdout]                                at libstd/panicking.rs:310
Dec 03 07:23:08.748 INFO [stdout]   11:     0x7f8cb74cccd9 - __rust_maybe_catch_panic
Dec 03 07:23:08.748 INFO [stdout]                                at libpanic_unwind/lib.rs:102
Dec 03 07:23:08.748 INFO [stdout]   12:     0x5567a18adf49 - rustc_driver::in_named_rustc_thread::h5d5326e5f9843b1f
Dec 03 07:23:08.748 INFO [stdout]                                at libstd/panicking.rs:289
Dec 03 07:23:08.748 INFO [stdout]                                at libstd/panic.rs:392
Dec 03 07:23:08.748 INFO [stdout]                                at librustc_driver/lib.rs:1546
Dec 03 07:23:08.748 INFO [stdout]   13:     0x5567a19eceb0 - <F as alloc::boxed::FnBox<A>>::call_box::h85b70bbf522f8d35
Dec 03 07:23:08.748 INFO [stdout]                                at librustdoc/test.rs:593
Dec 03 07:23:08.748 INFO [stdout]                                at liballoc/boxed.rs:672
Dec 03 07:23:08.748 INFO [stdout]   14:     0x7f8cb8b2e022 - <F as alloc::boxed::FnBox<A>>::call_box::h37f4bb882553d58c
Dec 03 07:23:08.748 INFO [stdout]                                at libtest/lib.rs:1461
Dec 03 07:23:08.748 INFO [stdout]                                at liballoc/boxed.rs:672
Dec 03 07:23:08.748 INFO [stdout]   15:     0x7f8cb74cccd9 - __rust_maybe_catch_panic
Dec 03 07:23:08.748 INFO [stdout]                                at libpanic_unwind/lib.rs:102
Dec 03 07:23:08.748 INFO [stdout]   16:     0x7f8cb8b56462 - std::sys_common::backtrace::__rust_begin_short_backtrace::hb8f0d0309526c184
Dec 03 07:23:08.748 INFO [stdout]                                at libstd/panicking.rs:289
Dec 03 07:23:08.748 INFO [stdout]                                at libstd/panic.rs:392
Dec 03 07:23:08.748 INFO [stdout]                                at libtest/lib.rs:1423
Dec 03 07:23:08.748 INFO [stdout]                                at libstd/sys_common/backtrace.rs:136
Dec 03 07:23:08.748 INFO [stdout]   17:     0x7f8cb8b57204 - std::panicking::try::do_call::hc2f7c8b9a348d8db
Dec 03 07:23:08.748 INFO [stdout]                                at libstd/thread/mod.rs:409
Dec 03 07:23:08.748 INFO [stdout]                                at libstd/panic.rs:313
Dec 03 07:23:08.749 INFO [stdout]                                at libstd/panicking.rs:310
Dec 03 07:23:08.749 INFO [stdout]   18:     0x7f8cb74cccd9 - __rust_maybe_catch_panic
Dec 03 07:23:08.749 INFO [stdout]                                at libpanic_unwind/lib.rs:102
Dec 03 07:23:08.749 INFO [stdout]   19:     0x7f8cb8b3f94c - <F as alloc::boxed::FnBox<A>>::call_box::h6bfded618e480b32
Dec 03 07:23:08.749 INFO [stdout]                                at libstd/panicking.rs:289
Dec 03 07:23:08.749 INFO [stdout]                                at libstd/panic.rs:392
Dec 03 07:23:08.749 INFO [stdout]                                at libstd/thread/mod.rs:408
Dec 03 07:23:08.749 INFO [stdout]                                at liballoc/boxed.rs:672
Dec 03 07:23:08.749 INFO [stdout]   20:     0x7f8cb74b9c9d - std::sys_common::thread::start_thread::h4c28257d67cdf9cb
Dec 03 07:23:08.749 INFO [stdout]                                at liballoc/boxed.rs:682
Dec 03 07:23:08.749 INFO [stdout]                                at libstd/sys_common/thread.rs:24
Dec 03 07:23:08.749 INFO [stdout]   21:     0x7f8cb748f4d5 - std::sys::unix::thread::Thread::new::thread_start::hfecb2e7eff8fd34f
Dec 03 07:23:08.749 INFO [stdout]                                at libstd/sys/unix/thread.rs:90
Dec 03 07:23:08.749 INFO [stdout]   22:     0x7f8cb701b6b9 - start_thread
Dec 03 07:23:08.749 INFO [stdout]   23:     0x7f8cb6b3b41c - clone
Dec 03 07:23:08.749 INFO [stdout]   24:                0x0 - <unknown>
Dec 03 07:23:08.749 INFO [stdout] query stack during panic:
Dec 03 07:23:08.749 INFO [stdout] end of query stack
Dec 03 07:23:08.749 INFO [stdout] 
Dec 03 07:23:08.749 INFO [stdout] ---- src/lib.rs - GoogleIamV1__Policy (line 520) stdout ----
Dec 03 07:23:08.749 INFO [stdout] error: expected type, found `-`
Dec 03 07:23:08.749 INFO [stdout]  --> src/lib.rs:522:1
Dec 03 07:23:08.749 INFO [stdout]   |
Dec 03 07:23:08.749 INFO [stdout] 3 | bindings:
Dec 03 07:23:08.749 INFO [stdout]   |         - help: try using a semicolon: `;`
Dec 03 07:23:08.749 INFO [stdout] 4 | - members:
Dec 03 07:23:08.749 INFO [stdout]   | ^ expecting a type here because of type ascription
Dec 03 07:23:08.749 INFO [stdout] 
Dec 03 07:23:08.749 INFO [stdout] thread 'src/lib.rs - GoogleIamV1__Policy (line 520)' panicked at 'couldn't compile the test', librustdoc/test.rs:332:13
Dec 03 07:23:08.749 INFO [stdout] stack backtrace:
Dec 03 07:23:08.749 INFO [stdout]    0:     0x7f8cb74b390f - std::sys::unix::backtrace::tracing::imp::unwind_backtrace::h3a8b83e1922cbdde
Dec 03 07:23:08.749 INFO [stdout]                                at libstd/sys/unix/backtrace/tracing/gcc_s.rs:49
Dec 03 07:23:08.749 INFO [stdout]    1:     0x7f8cb7498897 - std::sys_common::backtrace::print::h00d3155a29b4020f
Dec 03 07:23:08.749 INFO [stdout]                                at libstd/sys_common/backtrace.rs:71
Dec 03 07:23:08.749 INFO [stdout]                                at libstd/sys_common/backtrace.rs:59
Dec 03 07:23:08.749 INFO [stdout]    2:     0x7f8cb74becef - std::panicking::default_hook::{{closure}}::hd7465c742e79e1bb
Dec 03 07:23:08.749 INFO [stdout]                                at libstd/panicking.rs:211
Dec 03 07:23:08.749 INFO [stdout]    3:     0x7f8cb74be9ee - std::panicking::default_hook::h9e3966f2aa2a6e12
Dec 03 07:23:08.749 INFO [stdout]                                at libstd/panicking.rs:221
Dec 03 07:23:08.749 INFO [stdout]    4:     0x7f8cb9649951 - rustc::util::common::panic_hook::h27965632b67fe74e
Dec 03 07:23:08.749 INFO [stdout]    5:     0x7f8cb74bf4e6 - std::panicking::rust_panic_with_hook::h587f091ae747d080
Dec 03 07:23:08.749 INFO [stdout]                                at libstd/panicking.rs:480
Dec 03 07:23:08.749 INFO [stdout]    6:     0x5567a188ab17 - std::panicking::begin_panic::hcef7ac517f7efe0f
Dec 03 07:23:08.749 INFO [stdout]                                at libstd/panicking.rs:410
Dec 03 07:23:08.749 INFO [stdout]    7:     0x5567a1a1ecc7 - <rustdoc::test::Collector as rustdoc::test::Tester>::add_test::{{closure}}::{{closure}}::{{closure}}::h1a7d462b7674a13e
Dec 03 07:23:08.749 INFO [stdout]                                at librustdoc/test.rs:332
Dec 03 07:23:08.749 INFO [stdout]                                at librustdoc/test.rs:596
Dec 03 07:23:08.749 INFO [stdout]    8:     0x5567a19d41f8 - <scoped_tls::ScopedKey<T>>::set::h9a299037e2efdd79
Dec 03 07:23:08.749 INFO [stdout]                                at /cargo/registry/src/github.com-1ecc6299db9ec823/scoped-tls-0.1.2/src/lib.rs:155
Dec 03 07:23:08.749 INFO [stdout]                                at libsyntax/lib.rs:106
Dec 03 07:23:08.749 INFO [stdout]                                at /cargo/registry/src/github.com-1ecc6299db9ec823/scoped-tls-0.1.2/src/lib.rs:155
Dec 03 07:23:08.749 INFO [stdout]    9:     0x5567a17d8601 - syntax::with_globals::hc9a23e436a64729f
Dec 03 07:23:08.749 INFO [stdout]                                at libsyntax/lib.rs:105
Dec 03 07:23:08.749 INFO [stdout]   10:     0x5567a188adbb - std::panicking::try::do_call::hd95e3a92339aa7c0
Dec 03 07:23:08.749 INFO [stdout]                                at librustdoc/test.rs:593
Dec 03 07:23:08.749 INFO [stdout]                                at libstd/panic.rs:313
Dec 03 07:23:08.749 INFO [stdout]                                at libstd/panicking.rs:310
Dec 03 07:23:08.749 INFO [stdout]   11:     0x7f8cb74cccd9 - __rust_maybe_catch_panic
Dec 03 07:23:08.749 INFO [stdout]                                at libpanic_unwind/lib.rs:102
Dec 03 07:23:08.749 INFO [stdout]   12:     0x5567a18adf49 - rustc_driver::in_named_rustc_thread::h5d5326e5f9843b1f
Dec 03 07:23:08.749 INFO [stdout]                                at libstd/panicking.rs:289
Dec 03 07:23:08.749 INFO [stdout]                                at libstd/panic.rs:392
Dec 03 07:23:08.749 INFO [stdout]                                at librustc_driver/lib.rs:1546
Dec 03 07:23:08.749 INFO [stdout]   13:     0x5567a19eceb0 - <F as alloc::boxed::FnBox<A>>::call_box::h85b70bbf522f8d35
Dec 03 07:23:08.749 INFO [stdout]                                at librustdoc/test.rs:593
Dec 03 07:23:08.749 INFO [stdout]                                at liballoc/boxed.rs:672
Dec 03 07:23:08.749 INFO [stdout]   14:     0x7f8cb8b2e022 - <F as alloc::boxed::FnBox<A>>::call_box::h37f4bb882553d58c
Dec 03 07:23:08.749 INFO [stdout]                                at libtest/lib.rs:1461
Dec 03 07:23:08.749 INFO [stdout]                                at liballoc/boxed.rs:672
Dec 03 07:23:08.749 INFO [stdout]   15:     0x7f8cb74cccd9 - __rust_maybe_catch_panic
Dec 03 07:23:08.749 INFO [stdout]                                at libpanic_unwind/lib.rs:102
Dec 03 07:23:08.749 INFO [stdout]   16:     0x7f8cb8b56462 - std::sys_common::backtrace::__rust_begin_short_backtrace::hb8f0d0309526c184
Dec 03 07:23:08.749 INFO [stdout]                                at libstd/panicking.rs:289
Dec 03 07:23:08.749 INFO [stdout]                                at libstd/panic.rs:392
Dec 03 07:23:08.749 INFO [stdout]                                at libtest/lib.rs:1423
Dec 03 07:23:08.749 INFO [stdout]                                at libstd/sys_common/backtrace.rs:136
Dec 03 07:23:08.749 INFO [stdout]   17:     0x7f8cb8b57204 - std::panicking::try::do_call::hc2f7c8b9a348d8db
Dec 03 07:23:08.749 INFO [stdout]                                at libstd/thread/mod.rs:409
Dec 03 07:23:08.749 INFO [stdout]                                at libstd/panic.rs:313
Dec 03 07:23:08.749 INFO [stdout]                                at libstd/panicking.rs:310
Dec 03 07:23:08.749 INFO [stdout]   18:     0x7f8cb74cccd9 - __rust_maybe_catch_panic
Dec 03 07:23:08.749 INFO [stdout]                                at libpanic_unwind/lib.rs:102
Dec 03 07:23:08.749 INFO [stdout]   19:     0x7f8cb8b3f94c - <F as alloc::boxed::FnBox<A>>::call_box::h6bfded618e480b32
Dec 03 07:23:08.749 INFO [stdout]                                at libstd/panicking.rs:289
Dec 03 07:23:08.749 INFO [stdout]                                at libstd/panic.rs:392
Dec 03 07:23:08.749 INFO [stdout]                                at libstd/thread/mod.rs:408
Dec 03 07:23:08.749 INFO [stdout]                                at liballoc/boxed.rs:672
Dec 03 07:23:08.750 INFO [stdout]   20:     0x7f8cb74b9c9d - std::sys_common::thread::start_thread::h4c28257d67cdf9cb
Dec 03 07:23:08.750 INFO [stdout]                                at liballoc/boxed.rs:682
Dec 03 07:23:08.750 INFO [stdout]                                at libstd/sys_common/thread.rs:24
Dec 03 07:23:08.750 INFO [stdout]   21:     0x7f8cb748f4d5 - std::sys::unix::thread::Thread::new::thread_start::hfecb2e7eff8fd34f
Dec 03 07:23:08.750 INFO [stdout]                                at libstd/sys/unix/thread.rs:90
Dec 03 07:23:08.750 INFO [stdout]   22:     0x7f8cb701b6b9 - start_thread
Dec 03 07:23:08.750 INFO [stdout]   23:     0x7f8cb6b3b41c - clone
Dec 03 07:23:08.750 INFO [stdout]   24:                0x0 - <unknown>
Dec 03 07:23:08.750 INFO [stdout] query stack during panic:
Dec 03 07:23:08.750 INFO [stdout] end of query stack
Dec 03 07:23:08.750 INFO [stdout] 
Dec 03 07:23:08.750 INFO [stdout] ---- src/lib.rs - GoogleType__Expr (line 460) stdout ----
Dec 03 07:23:08.750 INFO [stdout] error: expected type, found `"User account presence"`
Dec 03 07:23:08.750 INFO [stdout]  --> src/lib.rs:461:8
Dec 03 07:23:08.750 INFO [stdout]   |
Dec 03 07:23:08.750 INFO [stdout] 3 | title: "User account presence"
Dec 03 07:23:08.750 INFO [stdout]   |        ^^^^^^^^^^^^^^^^^^^^^^^ expecting a type here because of type ascription
Dec 03 07:23:08.750 INFO [stdout] 
Dec 03 07:23:08.750 INFO [stdout] thread 'src/lib.rs - GoogleType__Expr (line 460)' panicked at 'couldn't compile the test', librustdoc/test.rs:332:13
Dec 03 07:23:08.750 INFO [stdout] stack backtrace:
Dec 03 07:23:08.750 INFO [stdout]    0:     0x7f8cb74b390f - std::sys::unix::backtrace::tracing::imp::unwind_backtrace::h3a8b83e1922cbdde
Dec 03 07:23:08.750 INFO [stdout]                                at libstd/sys/unix/backtrace/tracing/gcc_s.rs:49
Dec 03 07:23:08.750 INFO [stdout]    1:     0x7f8cb7498897 - std::sys_common::backtrace::print::h00d3155a29b4020f
Dec 03 07:23:08.750 INFO [stdout]                                at libstd/sys_common/backtrace.rs:71
Dec 03 07:23:08.750 INFO [stdout]                                at libstd/sys_common/backtrace.rs:59
Dec 03 07:23:08.750 INFO [stdout]    2:     0x7f8cb74becef - std::panicking::default_hook::{{closure}}::hd7465c742e79e1bb
Dec 03 07:23:08.750 INFO [stdout]                                at libstd/panicking.rs:211
Dec 03 07:23:08.750 INFO [stdout]    3:     0x7f8cb74be9ee - std::panicking::default_hook::h9e3966f2aa2a6e12
Dec 03 07:23:08.750 INFO [stdout]                                at libstd/panicking.rs:221
Dec 03 07:23:08.750 INFO [stdout]    4:     0x7f8cb9649951 - rustc::util::common::panic_hook::h27965632b67fe74e
Dec 03 07:23:08.750 INFO [stdout]    5:     0x7f8cb74bf4e6 - std::panicking::rust_panic_with_hook::h587f091ae747d080
Dec 03 07:23:08.750 INFO [stdout]                                at libstd/panicking.rs:480
Dec 03 07:23:08.750 INFO [stdout]    6:     0x5567a188ab17 - std::panicking::begin_panic::hcef7ac517f7efe0f
Dec 03 07:23:08.750 INFO [stdout]                                at libstd/panicking.rs:410
Dec 03 07:23:08.750 INFO [stdout]    7:     0x5567a1a1ecc7 - <rustdoc::test::Collector as rustdoc::test::Tester>::add_test::{{closure}}::{{closure}}::{{closure}}::h1a7d462b7674a13e
Dec 03 07:23:08.750 INFO [stdout]                                at librustdoc/test.rs:332
Dec 03 07:23:08.750 INFO [stdout]                                at librustdoc/test.rs:596
Dec 03 07:23:08.750 INFO [stdout]    8:     0x5567a19d41f8 - <scoped_tls::ScopedKey<T>>::set::h9a299037e2efdd79
Dec 03 07:23:08.750 INFO [stdout]                                at /cargo/registry/src/github.com-1ecc6299db9ec823/scoped-tls-0.1.2/src/lib.rs:155
Dec 03 07:23:08.750 INFO [stdout]                                at libsyntax/lib.rs:106
Dec 03 07:23:08.750 INFO [stdout]                                at /cargo/registry/src/github.com-1ecc6299db9ec823/scoped-tls-0.1.2/src/lib.rs:155
Dec 03 07:23:08.750 INFO [stdout]    9:     0x5567a17d8601 - syntax::with_globals::hc9a23e436a64729f
Dec 03 07:23:08.750 INFO [stdout]                                at libsyntax/lib.rs:105
Dec 03 07:23:08.750 INFO [stdout]   10:     0x5567a188adbb - std::panicking::try::do_call::hd95e3a92339aa7c0
Dec 03 07:23:08.750 INFO [stdout]                                at librustdoc/test.rs:593
Dec 03 07:23:08.750 INFO [stdout]                                at libstd/panic.rs:313
Dec 03 07:23:08.750 INFO [stdout]                                at libstd/panicking.rs:310
Dec 03 07:23:08.750 INFO [stdout]   11:     0x7f8cb74cccd9 - __rust_maybe_catch_panic
Dec 03 07:23:08.750 INFO [stdout]                                at libpanic_unwind/lib.rs:102
Dec 03 07:23:08.750 INFO [stdout]   12:     0x5567a18adf49 - rustc_driver::in_named_rustc_thread::h5d5326e5f9843b1f
Dec 03 07:23:08.750 INFO [stdout]                                at libstd/panicking.rs:289
Dec 03 07:23:08.750 INFO [stdout]                                at libstd/panic.rs:392
Dec 03 07:23:08.750 INFO [stdout]                                at librustc_driver/lib.rs:1546
Dec 03 07:23:08.750 INFO [stdout]   13:     0x5567a19eceb0 - <F as alloc::boxed::FnBox<A>>::call_box::h85b70bbf522f8d35
Dec 03 07:23:08.750 INFO [stdout]                                at librustdoc/test.rs:593
Dec 03 07:23:08.750 INFO [stdout]                                at liballoc/boxed.rs:672
Dec 03 07:23:08.750 INFO [stdout]   14:     0x7f8cb8b2e022 - <F as alloc::boxed::FnBox<A>>::call_box::h37f4bb882553d58c
Dec 03 07:23:08.750 INFO [stdout]                                at libtest/lib.rs:1461
Dec 03 07:23:08.750 INFO [stdout]                                at liballoc/boxed.rs:672
Dec 03 07:23:08.750 INFO [stdout]   15:     0x7f8cb74cccd9 - __rust_maybe_catch_panic
Dec 03 07:23:08.750 INFO [stdout]                                at libpanic_unwind/lib.rs:102
Dec 03 07:23:08.750 INFO [stdout]   16:     0x7f8cb8b56462 - std::sys_common::backtrace::__rust_begin_short_backtrace::hb8f0d0309526c184
Dec 03 07:23:08.750 INFO [stdout]                                at libstd/panicking.rs:289
Dec 03 07:23:08.750 INFO [stdout]                                at libstd/panic.rs:392
Dec 03 07:23:08.750 INFO [stdout]                                at libtest/lib.rs:1423
Dec 03 07:23:08.750 INFO [stdout]                                at libstd/sys_common/backtrace.rs:136
Dec 03 07:23:08.750 INFO [stdout]   17:     0x7f8cb8b57204 - std::panicking::try::do_call::hc2f7c8b9a348d8db
Dec 03 07:23:08.750 INFO [stdout]                                at libstd/thread/mod.rs:409
Dec 03 07:23:08.750 INFO [stdout]                                at libstd/panic.rs:313
Dec 03 07:23:08.750 INFO [stdout]                                at libstd/panicking.rs:310
Dec 03 07:23:08.750 INFO [stdout]   18:     0x7f8cb74cccd9 - __rust_maybe_catch_panic
Dec 03 07:23:08.750 INFO [stdout]                                at libpanic_unwind/lib.rs:102
Dec 03 07:23:08.750 INFO [stdout]   19:     0x7f8cb8b3f94c - <F as alloc::boxed::FnBox<A>>::call_box::h6bfded618e480b32
Dec 03 07:23:08.750 INFO [stdout]                                at libstd/panicking.rs:289
Dec 03 07:23:08.750 INFO [stdout]                                at libstd/panic.rs:392
Dec 03 07:23:08.750 INFO [stdout]                                at libstd/thread/mod.rs:408
Dec 03 07:23:08.750 INFO [stdout]                                at liballoc/boxed.rs:672
Dec 03 07:23:08.750 INFO [stdout]   20:     0x7f8cb74b9c9d - std::sys_common::thread::start_thread::h4c28257d67cdf9cb
Dec 03 07:23:08.750 INFO [stdout]                                at liballoc/boxed.rs:682
Dec 03 07:23:08.750 INFO [stdout]                                at libstd/sys_common/thread.rs:24
Dec 03 07:23:08.750 INFO [stdout]   21:     0x7f8cb748f4d5 - std::sys::unix::thread::Thread::new::thread_start::hfecb2e7eff8fd34f
Dec 03 07:23:08.750 INFO [stdout]                                at libstd/sys/unix/thread.rs:90
Dec 03 07:23:08.750 INFO [stdout]   22:     0x7f8cb701b6b9 - start_thread
Dec 03 07:23:08.750 INFO [stdout]   23:     0x7f8cb6b3b41c - clone
Dec 03 07:23:08.750 INFO [stdout]   24:                0x0 - <unknown>
Dec 03 07:23:08.750 INFO [stdout] query stack during panic:
Dec 03 07:23:08.750 INFO [stdout] end of query stack
Dec 03 07:23:08.751 INFO [stdout] 
Dec 03 07:23:08.751 INFO [stdout] 
Dec 03 07:23:08.751 INFO [stdout] failures:
Dec 03 07:23:08.751 INFO [stdout]     src/lib.rs - GoogleIamV1__Policy (line 500)
Dec 03 07:23:08.751 INFO [stdout]     src/lib.rs - GoogleIamV1__Policy (line 520)
Dec 03 07:23:08.751 INFO [stdout]     src/lib.rs - GoogleType__Expr (line 460)
Dec 03 07:23:08.751 INFO [stdout] 
Dec 03 07:23:08.751 INFO [stdout] test result: FAILED. 6 passed; 3 failed; 1 ignored; 0 measured; 0 filtered out
Dec 03 07:23:08.751 INFO [stdout] 
Dec 03 07:23:08.775 INFO [stderr] error: test failed, to rerun pass '--doc'
Dec 03 07:23:08.775 INFO [stderr] su: No module specific data is present
Dec 03 07:23:09.775 INFO running `"docker" "inspect" "b5c7de68243e121e9d54d040857f746b971c65574fbfb2f4821e32a92279539c"`
Dec 03 07:23:10.043 INFO running `"docker" "rm" "-f" "b5c7de68243e121e9d54d040857f746b971c65574fbfb2f4821e32a92279539c"`
Dec 03 07:23:10.339 INFO [stdout] b5c7de68243e121e9d54d040857f746b971c65574fbfb2f4821e32a92279539c
